what is -14023142002 - -21?
-14023141431
In base 10, what is 18 + 17239482?
17239500
In base 10, what is -157 + 5103600?
5103443
In base 14, what is 3688b0d - -5?
3688b14
In base 11, what is 170 - -446079?
446239
In base 14, what is 4acb7d9 - -23?
4acb81c
In base 6, what is 103230 + -10202?
53024
In base 14, what is -79a918 + -11?
-79a929
In base 11, what is -3 + 1410956?
1410953
In base 16, what is 16bb8ed - -22?
16bb90f
In base 13, what is -218725a + 4?
-2187256
In base 11, what is -2 + 1626084?
1626082
In base 6, what is 22545 + 132?
23121
In base 13, what is -8b352 + -a14?
-8c066
In base 12, what is 102b621 + -98?
102b545
In base 2, what is 100110101001 - 100010111111110?
-11110001010101
In base 7, what is -465066462 - 0?
-465066462
In base 8, what is 47164665 + 1?
47164666
In base 13, what is 757533 - -3?
757536
In base 13, what is 4 - -2856a44?
2856a48
In base 11, what is 596 + -7069?
-6583
In base 7, what is 11456 - 346?
11110
In base 11, what is 0 - 88a336?
-88a336
In base 6, what is 2 - -1234001512?
1234001514
In base 12, what is -9 + -1378a8?
-1378b5
In base 15, what is -2 - -2556dd?
2556db
In base 11, what is -897349 - -63?
-897296
In base 13, what is 4 + 316962?
316966
In base 7, what is -52 - 242120206?
-242120261
In base 13, what is aab2052 + -4?
aab204b
In base 15, what is -49567d2a + -1?
-49567d2b
In base 3, what is 21001122 - -11022012?
102100211
In base 10, what is 78203208 + -4?
78203204
In base 13, what is a6c9130 + 5?
a6c9135
In base 2, what is 100011011000000 - -100011010010?
100111110010010
In base 16, what is -145 - 38bfa?
-38d3f
In base 11, what is 5561a73 - -3?
5561a76
In base 7, what is -1644 - -241001?
236024
In base 4, what is -3123020330 - -1332?
-3123012332
In base 4, what is 21211222220 + -10?
21211222210
In base 8, what is 2 + -2553046116?
-2553046114
In base 9, what is 4603 + -2814?
1678
In base 12, what is 2 + -234538?
-234536
In base 8, what is 404 - -1732557?
1733163
In base 14, what is -b633b74 + -1?
-b633b75
In base 14, what is 10a2aca - -14?
10a2b00
In base 8, what is 21 - -1221640?
1221661
In base 8, what is 62051750 + -2?
62051746
In base 11, what is -459499 + -682?
-45a070
In base 4, what is -3 - 32030302?
-32030311
In base 4, what is 1121311 - -11120212?
12302123
In base 12, what is -41b + -3215?
-3634
In base 5, what is -2233332 + 2311?
-2231021
In base 4, what is -31 - -203112332?
203112301
In base 4, what is 121113320 + -132222?
120321032
In base 11, what is -3023 + -5875?
-8898
In base 9, what is -18 + 82386?
82367
In base 3, what is -2202001110212 + 12?
-2202001110200
In base 14, what is 36 - 14425?
-143cd
In base 16, what is 32f + -1b91?
-1862
In base 3, what is -1021002121000001 + -1?
-1021002121000002
In base 9, what is -4242 + -14430?
-18672
In base 6, what is 132112444 - 2?
132112442
In base 5, what is -2 + -330124122?
-330124124
In base 6, what is 1 + 22103502?
22103503
In base 13, what is -4 - 5757803?
-5757807
In base 5, what is 2322 + -2002103?
-1444231
In base 11, what is -1778 + -1093?
-2860
In base 4, what is 11 - -1333313011102?
1333313011113
In base 3, what is -1212200202 - -2002010121?
12102212
In base 5, what is 13113 - -30110?
43223
In base 5, what is -11003 - -11202?
144
In base 4, what is 201 - 3123022112?
-3123021311
In base 6, what is -52342 - -25124?
-23214
In base 7, what is 51444366 + 52?
51444451
In base 6, what is 51 - -41524113?
41524204
In base 11, what is 4 + 213871?
213875
In base 2, what is -111010000011110100110 - 1010100?
-111010000011111111010
In base 7, what is -3346304 - 3534?
-3353141
In base 15, what is e6c56 + 34?
e6c8a
In base 6, what is -51320 + 11401?
-35515
In base 2, what is -10111101111001000110001 - -11?
-10111101111001000101110
In base 8, what is 5 + 15576061?
15576066
In base 3, what is -1 + 10201202122?
10201202121
In base 11, what is a91 + 150?
1131
In base 13, what is 95 - 21b66?
-21aa1
In base 9, what is -4758408 - -6?
-4758402
In base 9, what is -188204 - 111?
-188315
In base 5, what is 304431 + -1120104?
-310123
In base 12, what is -376376 - 4?
-37637a
In base 8, what is 74764647 + 7?
74764656
In base 12, what is -567911 + 4?
-567909
In base 8, what is -371 + 20276372?
20276001
In base 10, what is -2 + -44424971?
-44424973
In base 10, what is -32 + 270987?
270955
In base 14, what is 2 + -19a89a9?
-19a89a7
In base 10, what is 1496 - 1816?
-320
In base 14, what is 1 + 1b5c611?
1b5c612
In base 2, what is 1111000101011111100100111 + -10?
1111000101011111100100101
In base 7, what is 26015 - 4124?
21561
In base 3, what is 202 + 22201222211?
22202000120
In base 14, what is 5a6 - -4b27?
52cd
In base 4, what is 301203231 + 101?
301203332
In base 4, what is -2300332323 + 12?
-2300332311
In base 12, what is -1 - -a1136b?
a1136a
In base 16, what is 38f428d + 4?
38f4291
In base 9, what is -610156748 + -1?
-610156750
In base 6, what is -4243 + 2141004?
2132321
In base 15, what is -ecd0 - -14d?
-eb82
In base 14, what is 5b9 - 785?
-1aa
In base 14, what is 4ab3dd - -26?
4ab425
In base 2, what is -1111100110000011001 - 1010010110?
-1111100111010101111
In base 4, what is -3 - -111222311323?
111222311320
In base 11, what is 3 - 1370012?
-137000a
In base 12, what is 0 - -68b90?
68b90
In base 15, what is 4be - 2bb3?
-26e4
In base 5, what is 12 + -312110323?
-312110311
In base 4, what is 10 + 200031021130?
200031021200
In base 16, what is -68e - -d0784?
d00f6
In base 5, what is 212 - -13022134?
13022401
In base 6, what is 435 - -1121112?
1121551
In base 8, what is -2552115043 - 0?
-2552115043
In base 4, what is -20 + -30000111?
-30000131
In base 8, what is -35244364 + 23?
-35244341
In base 12, what is 1 + -5bba13?
-5bba12
In base 3, what is -20102020 - 2010100100?
-2100202120
In base 7, what is 46 + 36232040?
36232116
In base 15, what is 6b195a8 + 1?
6b195a9
In base 5, what is 10 + -3013000322?
-3013000312
In base 4, what is -1022133 - -12323101?
11300302
In base 7, what is -1160 + -326651?
-331141
In base 8, what is 3 - -2166022?
2166025
In base 14, what is -a - -a2139?
a212d
In base 7, what is -644632 + -554?
-645516
In base 8, what is 113 - -1757405?
1757520
In base 9, what is -7503730 - 80?
-7503820
In base 6, what is -34030351 - -21?
-34030330
In base 11, what is 12542 - -18a0?
14332
In base 8, what is 15 - 30131377?
-30131362
In base 16, what is 1a18c - 12c?
1a060
In base 14, what is -c567 + 2c4a?
-971b
In base 3, what is 10 + 1201021010202112?
1201021010202122
In base 16, what is 240 - 188d8?
-18698
In base 9, what is 1133337 - 15?
1133322
In base 6, what is 201 + 520351?
520552
In base 12, what is 31 - -46491a?
46494b
In base 2, what is 1010011100 - -11111010110100?
100000101010000
In base 10, what is -8 + -8355234?
-8355242
In base 16, what is -818a + 70?
-811a
In base 12, what is 971914 - -2?
971916
In base 14, what is 17c95c8 + 0?
17c95c8
In base 6, what is 1141 - 5014?
-3433
In base 6, what is -1310510 - 1434?
-1312344
In base 15, what is -a - -437be2?
437bd7
In base 2, what is -100001000 - 110100011101111?
-110100111110111
In base 16, what is -59eb1c9 - 3?
-59eb1cc
In base 8, what is 560135546 - 3?
560135543
In base 11, what is 2576120 + 22?
2576142
In base 10, what is 2 + 65380037?
65380039
In base 7, what is -1 - -206240?
206236
In base 13, what is 1cc69 + b?
1cc77
In base 15, what is -5 - dc6e5?
-dc6ea
In base 4, what is 10 + 21313121103?
21313121113
In base 9, what is 2 + 24086065?
24086067
In base 15, what is c0 - -4d4bd?
4d58d
In base 16, what is -4 - 210938b?
-210938f
In base 2, what is 0 - -10001001000001011010?
10001001000001011010
In base 14, what is 52b6861 + 0?
52b6861
In base 6, what is 33354351 + -3?
33354344
In base 9, what is 216786 - -5?
216802
In base 16, what is -34e4f5c + e?
-34e4f4e
In base 12, what is -1a26 - -98?
-194a
In base 8, what is 77004 + 132?
77136
In base 5, what is -1100344314 - 110?
-1100344424
In base 16, what is -12d91cd + -1?
-12d91ce
In base 10, what is 4 - -56003?
56007
In base 3, what is -21012110111 - 2012021?
-21021122202
In base 14, what is 0 + ac610a1?
ac610a1
In base 11, what is -1359749 - 10?
-1359759
In base 9, what is 1304 - 22537?
-21233
In base 6, what is 335110032 + -12?
335110020
In base 13, what is -4a2ab4 + -130?
-4a2c14
In base 7, what is 460165 + -110?
460055
In base 13, what is -9 + -102480